- x*a**2. Determine v(3).
6
Let d = 2 - 0. Let v(h) = 0*h**2 + 5 - h - 5 + 6 - h**d. Let t(j) = -8*j - 72. Let n be t(-9). Calculate v(n).
6
Let f(p) = p + 3. Let m(q) = -q**2 - 17. Let v(o) = -6*f(o) - m(o). Calculate v(8).
15
Let u(c) = c - 15. Suppose -3*o = -5*t, -4*o + 6*t = 8*t. Suppose 5*l - 47 = -2*z, o = 2*z + 17 - 19. Calculate u(l).
-6
Let m(f) = f - 21. Let i = 13810 + -13790. Give m(i).
-1
Suppose 0 = -9*l + 4*l - 5. Let x(y) = -8*y**2 + 3*y - 1036 + 504 + 532 - 2*y. What is x(l)?
-9
Let q(o) = -o**2 + o + 20. Let p(h) = 9*h**2 - 4*h - 101. Let d(z) = p(z) + 5*q(z). Give d(-2).
13
Let r(x) = 0*x + 0*x + 5 + x. Let k be -1 + 165/18 + (-1170)/(-108) + -11. Calculate r(k).
13
Let j(q) = 4*q + 2. Suppose -5*w + 36 = -7*w. Let g(x) = x**2 + 16*x + 5. Let u be g(w). Let o = u + -37. Calculate j(o).
18
Suppose 4*k = 4*y + 8, 15*y = -k + 11*y + 2. Let c(x) = -k*x + 4*x**3 + 2*x**2 - 6*x**2 + 0 + 9*x**2 - 4*x**2 + 1. What is c(1)?
4
Suppose 5*d - 27 + 78 = 4*x, -5*x - d = -100. Let k(n) = 4*n - 64. Determine k(x).
12
Let u(w) = 4*w - 34. Let j(m) = 11*m - 59. Let a(g) = -2*j(g) + 5*u(g). Give a(-24).
-4
Let l(i) = 61*i + 1601. Let n be l(-26). Let p(c) = -2*c + 21. Determine p(n).
-9
Let d(p) be the first derivative of p**2/2 - 7*p - 538. Let o = -9 - -18. Let a(z) = -3*z + 15. Let v(m) = o*d(m) + 4*a(m). Calculate v(-3).
6
Let g(v) be the second derivative of v**5/20 - v**4/6 - 4*v**3/3 - 2*v**2 + 373*v. Let t = -639 + 643. Determine g(t).
-4
Let h(o) = 4*o**2 - 5*o + 10. Let m(a) = -3*a**2 + 5*a - 9. Let p(f) = 4*h(f) + 5*m(f). Let q = -68671 + 68666. Calculate p(q).
-5
Let s(a) be the third derivative of -a**6/720 - 11*a**5/120 + 29*a**4/24 + 103*a**2. Let b(c) be the second derivative of s(c). Determine b(-11).
0
Let i be 3 + 3 + -11 + 4. Let f(h) = -10*h**2 + 6*h - 5. Let x(q) = -q**2 + q. Let z(y) = f(y) - 6*x(y). Let g(a) be the first derivative of z(a). What is g(i)?
8
Let s(v) = v**3 - 8*v**2 - 5*v + 11. Let i(m) = -2*m**3 + 17*m**2 + 9*m - 23. Let a(g) = 3*i(g) + 5*s(g). Let k = -10150 - -10161. What is a(k)?
8
Let h(r) = r**2 + 7*r - 1. Let v be h(-8). Let d(w) = 0*w - 2*w**2 - 5*w + 9*w**2 + v*w - w. Give d(-1).
6
Let u(c) = -12814*c**2 + 9*c - 12809*c**2 + 24 + 25624*c**2. Determine u(-7).
10
Let g(i) = 6924200 - 2*i - 6924205 + 2*i**3 + 3*i**2 - 4*i. Determine g(-3).
-14
Let q = -281 + 422. Let i = -131 + q. Let f(p) = -2 - 1 + p - 9. Give f(i).
-2
Let r be -3*((-4)/(-6))/1. Let m(y) be the third derivative of -y**6/120 + y**5/20 + y**4/12 + y**3/2 + 4475*y**2 - y. Determine m(r).
19
Let x = 4 + -10. Let w(d) = d**3 + 6*d**2 + d - 2. Let s be w(x). Let p(g) = 0*g + 1283 - 429 - 2*g - 435 - 431. What is p(s)?
4
Let j(h) = -2*h**3 - 63*h**2 - 30*h + 35. Let t be ((-62)/(-8))/(1/(-15 + 11)). Give j(t).
4
Let c(u) = -14*u + 91. Let l(j) = -3*j + 21. Let z(x) = 2*c(x) - 9*l(x). What is z(-2)?
-5
Let m(v) = -2*v**2 - v + 25. Suppose d = -4*r + 10, 5*d = -8*r + 11*r - 19. Let o(k) = k**2 + k - 14. Let q(f) = r*m(f) + 5*o(f). Calculate q(4).
-3
Let b(k) = 9*k**2 + 36*k + 4. Let q = 27003 - 27007. Calculate b(q).
4
Suppose 5*x - 34 + 19 = 0. Let i(j) = -2*j**3 + 2*j**2 + 3*j + 1. Let z be i(x). Let c = z - -21. Let d(p) = 3*p - 2. What is d(c)?
-17
Let x(v) = -2*v**2 - 14*v + 22. Let g(w) = -w**2 - 7*w + 11. Let m(d) = -11*g(d) + 6*x(d). Suppose -25 = -u - 34. Give m(u).
-7
Let q(y) = y**3 + 4*y**2 - 2*y + 4. Let c(d) be the first derivative of 8*d**2 + 2*d - 17. Let s be c(-5). Let u = s + 74. What is q(u)?
12
Let r(k) = k**3 + 6*k**2 + 4*k + 4. Let m(d) = 2. Let b(n) = -m(n) + r(n). Suppose 3*t - 5*w + 31 = t, t = -5*w - 38. Let y = 21 + t. What is b(y)?
10
Let v(t) = t**2 - 5*t - 1. Suppose -25 = -32*k + 27*k. Suppose -k*n + 188 = 5*y - 3*y, -5*y + 505 = -5*n. Let i = y - 96. Calculate v(i).
-7
Let g = 9798 - 9792. Let l(z) = 29*z - 182. Determine l(g).
-8
Let m(b) = 231*b - 6. Let g(k) = 654*k - 17. Let r(d) = -6*g(d) + 17*m(d). Calculate r(-12).
-36
Let n = -4619 + 4622. Let b(l) be the third derivative of -1/24*l**4 + 0 - 5/6*l**n - 2*l**2 - l. What is b(-7)?
2
Suppose -90*l = -96 + 96. Let i(d) = d**3 - 2*d**2 - 3*d + 9. Calculate i(l).
9
Suppose 5*j = 15, 2*k - 4*j + 6 = -0*k. Suppose -k*m = 3*a + 21, 5*a + 2*m + 11 = 3*m. Let g(r) = -920*r - 933*r - 811*r + r**2 + 2667*r. Calculate g(a).
0
Let x(c) = 6*c**3 + 257*c**2 - 42*c + 40. Suppose -7316 - 4380 = 272*o. Determine x(o).
-3
Let c = 4 - -23. Let v = 16 - c. Let y(d) = d**2 + 12*d + 9. Let m be y(v). Let x(k) = 3*k - 2. Calculate x(m).
-8
Let o(q) = -5*q**3 + q**2 + q - 2. Let g(n) = 16*n**3 + n**2 - 12*n - 5. Let s(y) = -g(y) - 3*o(y). What is s(-5)?
-9
Let j(y) = 10*y**2 - 12*y - 18. Let k(x) = 0*x - 94*x**2 - x + 91*x**2 + 5 + 5*x. Let v(o) = 2*j(o) + 7*k(o). Calculate v(5).
-6
Suppose 5*b + 38 = 2*y + 63, 5*b = -2*y - 15. Let t(l) = l + 13. Determine t(y).
3
Let k(s) = -82*s + 56*s + 31 + 2 + 42*s. Calculate k(-2).
1
Let j(d) = -20*d**2 + 1. Let t(c) = 26*c**2 - c + 3. Let a(g) = -2*j(g) - t(g). Calculate a(2).
53
Let a(m) = -4*m**3 + m**2 + 2*m + 1. Let r be a(-1). Let y(h) be the second derivative of h**5/20 - h**4/3 - h**3/6 + 7*h**2/2 + 3260*h + 2. Give y(r).
3
Suppose -2*a - 4 + 14 = 0. Let v(w) = -a - 22*w**2 + 23*w**2 - 4. Let h(m) = 2*m**2 + 16*m + 14. Let p be h(-7). Give v(p).
-9
Let c(u) = -u**3 + 6*u**2 + 12*u - 6. Suppose -9*n - 17532 = -17604. What is c(n)?
-38
Let q = 50 + -48. Let y(h) = 15*h**2 + 3*h + 29. Let f(v) = 8*v**2 + 2*v + 16. Let r(s) = -9*f(s) + 5*y(s). Give r(q).
7
Suppose -3*b = 2*y - 1, -3*y + 15 + 6 = -2*b. Let w be y + -4*15/(-10). Let g(c) = -c**2 + 11*c - 7. Give g(w).
-7
Let k(c) be the third derivative of c**6/120 + c**5/6 + c**4/24 - 7*c**3/6 - 2*c**2 + 35*c - 11. Let w be (-3)/(-6) - (-42)/(-4). What is k(w)?
-17
Let r = -5/6602 + 1653/3301. Let v(o) be the first derivative of 0*o**3 + 11 - r*o**2 + 1/2*o**4 - o. Calculate v(-1).
-2
Let u be -21 + 19 + (-56)/8. Let q(g) = g + 59. Give q(u).
50
Let u(t) = -24 + 3 + 7 - 2*t - 7. Calculate u(7).
-35
Let c(y) = -100*y**2 + 6 + 39*y - y**3 + 57*y**2 + 33*y**2. Determine c(-13).
6
Let v be 6 - 20/((-15)/(-3)). Suppose -48 = v*y + 2*y. Let d(s) = 2*s - 3*s - 16 - 4 + 8. Give d(y).
0
Let w(o) = -277*o + 5818. Let x be w(21). Let z(u) = 36*u - 30. Determine z(x).
6
Let p(m) = -m**2 - 3*m + 6. Let f(i) = 2*i**2 + 6*i - 13. Let j = 176 + -172. Let n(k) = j*f(k) + 9*p(k). Let b = 20 - 18. Give n(b).
-8
Let p(s) be the second derivative of -s**6/360 - s**5/30 - s**3/2 - 10*s. Let q(z) be the second derivative of p(z). Let i = -600 - -597. Determine q(i).
3
Suppose 3*l = b - 11, -4*b - 2*l + 17 = -5*l. Let y(o) be the first derivative of -5*o**3/3 + o + 17626. Calculate y(b).
-19
Suppose 0 = -2*f + a + 8, f - 5*a = -0*a + 22. Let c(v) = 3*v**f - 12*v**2 + v**3 - 2 - 3*v**2 - 4 + 12*v. Determine c(11).
5
Let n(a) = -232*a**3 - 302 + 5*a - 5*a**2 + 233*a**3 + 306. Suppose -3*q + 1 = -8. Calculate n(q).
1
Let k be (-10)/90*2 + (-29)/(-9). Let d(g) = -g**2 + 7*g - 12. Give d(k).
0
Let l(g) = -3*g + 20. Let j be l(5). Suppose -7*v = -2*v - j. Let y(n) = 5*n**3 + 7*n**2 + 0*n**2 - 8*n**2. What is y(v)?
4
Let p(x) = -x**3 + 2*x**2 + x - 2. Let o be p(2). Suppose 36 = 14*b - 2*b. Let c(l) = 2*l**3 + 3*l**2 - 11*l**3 + 1 + o + 7*l**b. Determine c(3).
-26
Let h(n) = -3*n - 3. Let d(g) = -3*g - 6. Let k(j) = -3*d(j) + 4*h(j). Let w be 4 + (2 - (0 - -2)). Give k(w).
-6
Let y be -1*(-2 - -4) + 2. Suppose -l - a + 4*a + 25 = 0, -2*l + 3*a + 35 = y. Let w(k) = 9*k + 0 - l*k - 2. Determine w(-1).
-1
Let m(g) be the second derivative of 1/12*g**4 - 11 - 1/6*g**3 + 5*g - 5*g**2. Calculate m(0).
-10
Let u(q) = q**3 + 4*q**2 + 2*q + 6. Suppose -10*l - 384 = -2*l. Let o = -46 - l. Suppose -3*r + 11 = -2*b, 5*r = b - o*b + 1. Calculate u(b).
-2
Let x(k) = -13*k + 4. Let t(d) = 32*d - 9. Let l(r) = 5*t(r) + 13*x(r). Calculate l(6).
-47
Let l(w) = 11*w**2 + 3*w + 1. Let k(j) = 144*j**2 + 19*j + 12. Let t(x) = -k(x) + 13*l(x). Calculate t(20).
1
Let i(l) be the third derivative of -l**5/10 + 5*l**4/6 - 4*l**3/3 + 4*l**2 + 5*l - 4. What is i(3)?
-2
Let l(m) be the second derivative of 0*m**2 + 2/3*m**3 - 1/360*m**6 - 10*m + 7/120*m**5 + 0 + 1/4*m**4. Let x(s) be the second derivative of l(s). Give x(7).
6
Let v = -